 to base 5.
21221
Convert 1121000 (base 3) to base 8.
2211
Convert -10202222 (base 3) to base 11.
-2083
Convert 113202 (base 4) to base 16.
5e2
-110101010110 (base 2) to base 11
-2624
What is -1025 (base 8) in base 16?
-215
What is 243235 (base 7) in base 12?
21817
-11000011 (base 2) to base 7
-366
1735 (base 13) to base 3
11200211
5259 (base 13) to base 3
120122010
1d51 (base 14) to base 9
7318
Convert -1211111 (base 3) to base 2.
-10100111000
-146 (base 11) to base 15
-b6
3114 (base 7) to base 10
1089
-332122 (base 4) to base 15
-12b4
Convert 8425 (base 10) to base 5.
232200
-6258 (base 15) to base 11
-14684
Convert -110e (base 15) to base 6.
-24422
118 (base 9) to base 7
200
Convert -531 (base 8) to base 14.
-1a9
34414 (base 5) to base 8
4664
What is -13613 (base 7) in base 14?
-150a
-201324 (base 5) to base 7
-24563
What is 10100010011001 (base 2) in base 10?
10393
Convert -521 (base 6) to base 5.
-1233
Convert 11230302 (base 4) to base 6.
300030
What is -12111 (base 6) in base 7?
-5110
What is 117e (base 15) in base 11?
2881
Convert 63 (base 9) to base 16.
39
What is 10011000010101 (base 2) in base 12?
5785
What is -218 (base 13) in base 6?
-1355
Convert 13231020 (base 4) to base 12.
16320
Convert 101101000110110 (base 2) to base 14.
85b8
6704 (base 10) to base 2
1101000110000
What is -3851 (base 10) in base 11?
-2991
-1621 (base 11) to base 10
-2080
What is 21441 (base 5) in base 4?
113120
14310 (base 5) to base 2
10010110101
Convert 426 (base 10) to base 3.
120210
-1bc7 (base 16) to base 7
-26506
What is -147a (base 12) in base 6?
-15034
Convert 231030 (base 4) to base 2.
101101001100
Convert 32a (base 14) to base 7.
1553
Convert 11011 (base 11) to base 10.
15984
What is 28538 (base 12) in base 4?
31223330
1433 (base 12) to base 16
927
11141 (base 5) to base 16
31c
What is 764 (base 9) in base 14?
329
What is -314602 (base 7) in base 13?
-1ba57
What is -1198 (base 11) in base 9?
-2122
1221221 (base 3) to base 12
9b1
What is -3042 (base 6) in base 3?
-220222
What is -14a35 (base 12) in base 16?
-71c9
What is -40061 (base 8) in base 13?
-7631
What is -27 (base 12) in base 15?
-21
What is 314 (base 13) in base 5?
4044
Convert 2002 (base 6) to base 5.
3214
What is -2d1 (base 15) in base 16?
-286
66 (base 14) to base 6
230
What is -343 (base 5) in base 13?
-77
134044 (base 5) to base 14
2028
Convert -212200 (base 3) to base 5.
-10024
-416 (base 11) to base 5
-4001
What is -b68b (base 12) in base 11?
-14013
Convert 125 (base 14) to base 7.
445
What is 5390 (base 11) in base 6?
52541
Convert 4d0 (base 16) to base 11.
a20
What is 1333231 (base 5) in base 11?
19583
What is -15397 (base 13) in base 4?
-21303301
26d8 (base 16) to base 9
14568
Convert 1112 (base 6) to base 15.
125
What is 5b2a (base 14) in base 6?
201402
Convert 11346 (base 11) to base 7.
65525
-19a24 (base 12) to base 14
-da8c
-800 (base 15) to base 6
-12200
What is -22000120 (base 3) in base 16?
-16d7
What is -101110011 (base 2) in base 15?
-19b
What is 12013111 (base 4) in base 14?
91ad
What is -6811 (base 14) in base 9?
-26672
110010 (base 3) to base 16
147
Convert -69d (base 15) to base 4.
-113122
What is 112440 (base 5) in base 11?
3106
What is -1010110011110 (base 2) in base 3?
-21120222
Convert 29035 (base 10) to base 6.
342231
What is b53 (base 14) in base 16?
8b5
Convert -288 (base 12) to base 10.
-392
Convert 120452 (base 8) to base 9.
62532
13301 (base 6) to base 13
c1c
Convert -8 (base 9) to base 3.
-22
What is -572 (base 10) in base 7?
-1445
Convert 1100100 (base 3) to base 6.
4313
What is 100101 (base 2) in base 4?
211
-100001101011000 (base 2) to base 13
-7b02
What is 33002 (base 9) in base 5?
1144442
What is 3812 (base 10) in base 13?
1973
717 (base 16) to base 9
2436
What is -100122 (base 3) in base 9?
-318
Convert -2951 (base 13) to base 9.
-8175
-10385 (base 9) to base 6
-51505
Convert 4045 (base 9) to base 8.
5615
What is -10010110001000 (base 2) in base 3?
-111011212
What is -479c (base 14) in base 2?
-11000011000110
Convert 31031 (base 4) to base 9.
1138
Convert -311b (base 14) to base 6.
-103045
Convert -968 (base 15) to base 5.
-31443
22202 (base 3) to base 6
1032
What is -125 (base 10) in base 16?
-7d
1428 (base 9) to base 4
100313
131322 (base 4) to base 13
b43
What is -3c0 (base 14) in base 7?
-2130
Convert 3506 (base 8) to base 16.
746
Convert 1031021 (base 4) to base 8.
11511
1405 (base 7) to base 16
220
What is 3102 (base 4) in base 16?
d2
Convert -21310 (base 4) to base 9.
-767
Convert 17322 (base 8) to base 15.
2510
What is -1151104 (base 6) in base 16?
-eef0
What is -4121 (base 14) in base 2?
-10101111000001
Convert -234 (base 13) to base 15.
-1a6
What is -856 (base 11) in base 10?
-1029
1452 (base 8) to base 5
11220
What is 2332220 (base 4) in base 12?
7088
What is -473 (base 14) in base 3?
-1012210
What is -40172 (base 9) in base 15?
-7c45
-3d68 (base 16) to base 13
-7203
Convert -11240 (base 5) to base 10.
-820
Convert 16a (base 14) to base 3.
101202
Convert -1000010001 (base 2) to base 10.
-529
What is -494 (base 13) in base 9?
-1075
What is -12231230 (base 4) in base 15?
-8235
1200012221 (base 3) to base 12
170b1
What is -22320 (base 4) in base 5?
-10241
What is 101 (base 8) in base 6?
145
212331 (base 4) to base 10
2493
What is 13d (base 14) in base 15?
11b
Convert -10001000000111 (base 2) to base 8.
-21007
What is -10446 (base 9) in base 15?
-20bc
Convert -44ca (base 15) to base 13.
-6844
Convert -505222 (base 6) to base 12.
-1b212
-340 (base 8) to base 5
-1344
What is 1043 (base 15) in base 11?
2646
-b1ca (base 13) to base 14
-8d02
Convert 1110121 (base 4) to base 5.
133101
What is 4ba (base 13) in base 2?
1100111101
10010101 (base 2) to base 3
12112
-1147 (base 11) to base 15
-6a3
-1616 (base 9) to base 3
-1200120
Convert -13555 (base 10) to base 3.
-200121001
What is a252 (base 11) in base 12?
7a61
-d6e (base 16) to base 9
-4640
Convert -14421 (base 5) to base 12.
-870
Convert -6544 (base 10) to base 6.
-50144
Convert 1982 (base 10) to base 16.
7be
Convert -c6b (base 13) to base 5.
-31432
3b78 (base 12) to base 13
3179
-43515 (base 7) to base 4
-2222022
Convert 9995 (base 11) to base 5.
410142
What is -141641 (base 8) in base 14?
-14373
What is 15421 (base 7) in base 10?
4327
What is 33515 (base 6) in base 15?
1602
What is 372 (base 11) in base 14?
238
Convert -414 (base 5) to base 7.
-214
Convert -100100110000 (base 2) to base 8.
-4460
Convert bf (base 16) to base 13.
119
What is 4918 (base 10) in base 7?
20224
What is -3021 (base 5) in base 4?
-12002
-293 (base 15) to base 10
-588
What is 9564 (base 13) in base 11?
14609
1284 (base 9) to base 6
4251
What is 10200212 (base 4) in base 8?
44046
What is -1333120 (base 4) in base 9?
-12157
11011 (base 3) to base 10
112
What is -1434 (base 5) in base 16?
-f4
What is -812 (base 12) in base 11?
-970
Convert -149b (base 13) to base 10.
-3001
What is -2010102 (base 3) in base 12?
-a92
What is -3114 (base 5) in base 10?
-409
131515 (base 6) to base 2
10111100100111
11045 (base 10) to base 5
323140
179 (base 15) to base 5
2324
What is 21111100 (base 3) in base 13?
2643
21200203 (base 4) to base 16
9823
50053 (base 6) to base 8
14561
What is -2d99 (base 15) in base 5?
-303234
-2008 (base 9) to base 11
-1113
What is 60 (base 15) in base 14?
66
-173 (base 10) to base 7
-335
251 (base 10) to base 9
308
-5412 (base 7) to base 5
-30140
What is -2030 (base 6) in base 8?
-702
Convert 2a626 (base 12) to base 9.
100733
1010001011 (base 2) to base 9
803
What is 11222100 (base 3) in base 12?
2123
Convert 3543 (base 6) to base 2.
1101010111
What is -1010001101011 (base 2) in base 10?
-5227
What is -18c (base 16) in base 2?
-110001100
Convert 1021102 (base 4) to base 11.
3584
Convert -110110 (base 2) to base 13.
-42
3440 (base 9) to base 15
b4c
Convert -32020 (base 7) to base 4.
-1323133
Convert -11010100 (base 2) to base 5.
-1322
What is -4601 (base 7) in base 9?
-2252
-4113 (base 5) to base 4
-20111
What is -1000020 (base 3) in base 8?
-1337
-20350 (base 6) to base 5
-41410
What is 320 (base 10) in base 8?
500
Convert 101110001 (base 3) to base 10.
7615
What is 333311 (base 5) in base 4?
2312322
-32c2 (base 14) to base 5
-240134
161d (base 14) to base 9
5365
What is 5514 (base 9) in base 7?
14563
Convert 